{"id":4454,"date":"2021-03-17T08:26:53","date_gmt":"2021-03-17T07:26:53","guid":{"rendered":"https:\/\/mef.sum.ba\/histologija\/?page_id=4454"},"modified":"2021-03-17T08:36:51","modified_gmt":"2021-03-17T07:36:51","slug":"hipofiza-stitna-zlijezda-nadbubrezna-zlijezda-epitelno-tjelesce","status":"publish","type":"page","link":"https:\/\/mef.sum.ba\/histologija\/?page_id=4454","title":{"rendered":"Hipofiza, \u0161titna \u017elijezda, nadbubre\u017ena \u017elijezda, epitelno tjele\u0161ce"},"content":{"rendered":"<section class=\"wpb-content-wrapper\"><p>[vc_row][vc_column][vc_column_text]<\/p>\n<ul>\n<li>\n<h4><a href=\"https:\/\/mef.sum.ba\/histologija\/?page_id=4457\">Hipofiza<\/a><\/h4>\n<\/li>\n<li>\n<h4><a href=\"https:\/\/mef.sum.ba\/histologija\/?page_id=4465\">\u0160titna \u017elijezda<\/a><\/h4>\n<\/li>\n<li>\n<h4><a href=\"https:\/\/mef.sum.ba\/histologija\/?page_id=4472\">Nadbubre\u017ena \u017elijezda<\/a><\/h4>\n<\/li>\n<li>\n<h4><a href=\"https:\/\/mef.sum.ba\/histologija\/?page_id=4480\">Epitelno tjele\u0161ce<\/a><\/h4>\n<\/li>\n<\/ul>\n<p>[\/vc_column_text][\/vc_column][\/vc_row]<\/p>\n<\/section>","protected":false},"excerpt":{"rendered":"<p>[vc_row][vc_column][vc_column_text] Hipofiza \u0160titna \u017elijezda Nadbubre\u017ena \u017elijezda Epitelno tjele\u0161ce [\/vc_column_text][\/vc_column][\/vc_row]<\/p>\n","protected":false},"author":1,"featured_media":0,"parent":0,"menu_order":0,"comment_status":"closed","ping_status":"closed","template":"","meta":{"footnotes":""},"class_list":["post-4454","page","type-page","status-publish","hentry"],"_links":{"self":[{"href":"https:\/\/mef.sum.ba\/histologija\/index.php?rest_route=\/wp\/v2\/pages\/4454","targetHints":{"allow":["GET"]}}],"collection":[{"href":"https:\/\/mef.sum.ba\/histologija\/index.php?rest_route=\/wp\/v2\/pages"}],"about":[{"href":"https:\/\/mef.sum.ba\/histologija\/index.php?rest_route=\/wp\/v2\/types\/page"}],"author":[{"embeddable":true,"href":"https:\/\/mef.sum.ba\/histologija\/index.php?rest_route=\/wp\/v2\/users\/1"}],"replies":[{"embeddable":true,"href":"https:\/\/mef.sum.ba\/histologija\/index.php?rest_route=%2Fwp%2Fv2%2Fcomments&post=4454"}],"version-history":[{"count":2,"href":"https:\/\/mef.sum.ba\/histologija\/index.php?rest_route=\/wp\/v2\/pages\/4454\/revisions"}],"predecessor-version":[{"id":4486,"href":"https:\/\/mef.sum.ba\/histologija\/index.php?rest_route=\/wp\/v2\/pages\/4454\/revisions\/4486"}],"wp:attachment":[{"href":"https:\/\/mef.sum.ba\/histologija\/index.php?rest_route=%2Fwp%2Fv2%2Fmedia&parent=4454"}],"curies":[{"name":"wp","href":"https:\/\/api.w.org\/{rel}","templated":true}]}}